{"id":31,"date":"2018-03-27T14:21:26","date_gmt":"2018-03-27T14:21:26","guid":{"rendered":"http:\/\/blog.continental.edu.pe\/preas-rioshullcas\/?page_id=31"},"modified":"2018-04-21T22:33:59","modified_gmt":"2018-04-21T22:33:59","slug":"sobre-el-proyecto","status":"publish","type":"page","link":"https:\/\/blog.continental.edu.pe\/preas-rioshullcas\/sobre-el-proyecto\/","title":{"rendered":"Sobre el Proyecto"},"content":{"rendered":"<h1 style=\"text-align: center\"><strong><span style=\"color: #339966\">\u201cRECUPERACI\u00d3N ECOL\u00d3GICA AMBIENTAL Y SOCIAL DEL RI\u00d3 SHULLCAS\u201d<\/span><\/strong><\/h1>\n<p>Somos 215 estudiantes de la Universidad Continental que estamos realizando nuestro proyecci\u00f3n social con la direcci\u00f3n de los tutores de beca 18. Somos estudiantes capaces de desarrollar impacto con nuestro medio ambiente, por eso hemos puesto en obras nuestras ideas.<\/p>\n<figure><img loading=\"lazy\" class=\"aligncenter\" src=\"http:\/\/blog.continental.edu.pe\/preas-rioshullcas\/wp-content\/uploads\/sites\/18\/2018\/04\/organizaci\u00f3n.png\" alt=\"\" width=\"884\" height=\"540\" \/><\/figure>\n<h4><span style=\"color: #000080\">Objetivo General: <\/span><\/h4>\n<p>Recuperar, revalorar y contribuir con el buen estado ecol\u00f3gico, ambiental y social de la sub cuenca del R\u00edo Shullcas, mediante la prevenci\u00f3n y el control, garantizando la sostenibilidad para las futuras generaciones.<\/p>\n<h4 style=\"padding-left: 30px\"><span style=\"color: #000080\">Objetivos Espec\u00edficos:<\/span><\/h4>\n<ul>\n<li style=\"padding-left: 30px\">Gestionar la adecuada recuperaci\u00f3n del R\u00edo Shullcas para su uso sostenible, desde el tramo: R\u00edo Mantaro hasta Acopalca.<\/li>\n<li style=\"padding-left: 30px\">Dise\u00f1ar \u00e1reas de recreaci\u00f3n y elaborar el estudio t\u00e9cnico para la ejecuci\u00f3n de obras civiles en las franjas ribere\u00f1as del r\u00edo Shullcas, desde el tramo: R\u00edo Mantaro hasta la planta de tratamiento de aguas de Vilcacoto.<\/li>\n<li style=\"padding-left: 30px\">Analizar, procesar y mostrar los par\u00e1metros ambientales en forma automatizada.<\/li>\n<li style=\"padding-left: 30px\">Manejar los elementos te\u00f3ricos, metodol\u00f3gicos y t\u00e9cnicos que permitan aplicar el proceso de cambio y desarrollo comunitario a trav\u00e9s de la sensibilizaci\u00f3n, concientizaci\u00f3n, motivaci\u00f3n y acci\u00f3n.<\/li>\n<\/ul>\n<h4 style=\"text-align: left\"><strong>CRITERIO PAISAJ\u00cdSTICO<\/strong><\/h4>\n<p style=\"text-align: left\">Delimitaci\u00f3n, Estudio Y Dise\u00f1o De Las \u00c1reas Verdes En Las Franjas Del R\u00edo Shullcas.<\/p>\n<h5>IMPACTO<img class=\"aligncenter\" src=\"http:\/\/blog.continental.edu.pe\/preas-rioshullcas\/wp-content\/uploads\/sites\/18\/2018\/04\/Impacto-2.png\" \/><\/h5>\n<h4><strong>CRITERIO AMBIENTAL<\/strong><\/h4>\n<p>Detecci\u00f3n, An\u00e1lisis Y Propuestas De Mejora En Las Zonas Contaminadas Del R\u00edo Shullcas.<\/p>\n<h5>IMPACTO<img class=\"aligncenter\" src=\"http:\/\/blog.continental.edu.pe\/preas-rioshullcas\/wp-content\/uploads\/sites\/18\/2018\/04\/Impacto-3.png\" \/><\/h5>\n<h4><strong>CRITERIO PATRIMONIAL<\/strong><\/h4>\n<p>Dise\u00f1o De Un Sistema Automatizado De Medici\u00f3n De Par\u00e1metros Ambientales Y Recojo De Residuos S\u00f3lidos.<\/p>\n<h5>IMPACTO<img class=\"aligncenter\" src=\"http:\/\/blog.continental.edu.pe\/preas-rioshullcas\/wp-content\/uploads\/sites\/18\/2018\/04\/Impacto-4.png\" \/><\/h5>\n<h4><strong>CRITERIO SOCIAL<\/strong><\/h4>\n<p>Segmentar,diagnosticar Intervenir\u00a0 Y Solucionar\u00a0 Los Problemas De La Salud Mental Y Fisica A Los Pobladores De La Comunidad<\/p>\n<h5>IMPACTO<img class=\"aligncenter\" src=\"http:\/\/blog.continental.edu.pe\/preas-rioshullcas\/wp-content\/uploads\/sites\/18\/2018\/04\/Impacto-5.png\" \/><\/h5>\n<p>&nbsp;<\/p>\n<pre style=\"text-align: left\"><\/pre>\n","protected":false},"excerpt":{"rendered":"<p>\u201cRECUPERACI\u00d3N ECOL\u00d3GICA AMBIENTAL Y SOCIAL DEL RI\u00d3 SHULLCAS\u201d Somos 215 estudiantes de la Universidad Continental que estamos realizando nuestro proyecci\u00f3n social con la direcci\u00f3n de los tutores de beca 18. Somos estudiantes capaces de desarrollar impacto con nuestro medio ambiente, por eso hemos puesto en obras nuestras ideas. Objetivo General: Recuperar, revalorar y contribuir con [&hellip;]<\/p>\n","protected":false},"author":59,"featured_media":0,"parent":0,"menu_order":0,"comment_status":"closed","ping_status":"closed","template":"","meta":[],"_links":{"self":[{"href":"https:\/\/blog.continental.edu.pe\/preas-rioshullcas\/wp-json\/wp\/v2\/pages\/31"}],"collection":[{"href":"https:\/\/blog.continental.edu.pe\/preas-rioshullcas\/wp-json\/wp\/v2\/pages"}],"about":[{"href":"https:\/\/blog.continental.edu.pe\/preas-rioshullcas\/wp-json\/wp\/v2\/types\/page"}],"author":[{"embeddable":true,"href":"https:\/\/blog.continental.edu.pe\/preas-rioshullcas\/wp-json\/wp\/v2\/users\/59"}],"replies":[{"embeddable":true,"href":"https:\/\/blog.continental.edu.pe\/preas-rioshullcas\/wp-json\/wp\/v2\/comments?post=31"}],"version-history":[{"count":6,"href":"https:\/\/blog.continental.edu.pe\/preas-rioshullcas\/wp-json\/wp\/v2\/pages\/31\/revisions"}],"predecessor-version":[{"id":234,"href":"https:\/\/blog.continental.edu.pe\/preas-rioshullcas\/wp-json\/wp\/v2\/pages\/31\/revisions\/234"}],"wp:attachment":[{"href":"https:\/\/blog.continental.edu.pe\/preas-rioshullcas\/wp-json\/wp\/v2\/media?parent=31"}],"curies":[{"name":"wp","href":"https:\/\/api.w.org\/{rel}","templated":true}]}}